 o - 2*o + 0. Calculate t(x).
-17
Let o(b) = -b**2 + 2*b + 6. Suppose -3*w = 4*i + 178, 0 = -2*w + 4*i - 162 + 50. Let l = w - -54. Calculate o(l).
-18
Let l(a) be the first derivative of 2*a**3 + 2*a**2 + 2*a + 11. Suppose 3*w + 4*y = -8 + 2, -w = -4*y + 2. Determine l(w).
18
Suppose -3*q + 12 = -q. Let a(r) be the first derivative of r**5/60 - r**4/4 + 4*r**3/3 + 3*r**2/2 - 4. Let t(w) be the second derivative of a(w). What is t(q)?
8
Let n(d) = d**2 - 6*d + 2. Let i be n(6). Suppose i = p + 1. Let r = p + 4. Let a(f) = -f**3 + 4*f**2 + 7*f + 1. Give a(r).
11
Let o(c) be the first derivative of c**4/4 - 11*c**3/3 + 4*c**2 + 19*c - 51. Calculate o(10).
-1
Let s(t) = -2*t + 27. Let v be s(-16). Let l = 59 - v. Let a(r) = -4*r**2 - r - 8. Let m(z) = z**2 - 1. Let x(y) = -a(y) - 3*m(y). Determine x(l).
11
Let m be 7 - -4 - (-3 + 4). Let w = m - 9. Let n(c) = w + 0*c - 3 + 3 + c. Determine n(-5).
-4
Let t(i) = i**2 + 2*i - 5. Suppose -2*f + 7 + 1 = 0. Suppose 2*h - 28 = -2*p - 4, -f*h + 41 = 3*p. Suppose 24 = -p*a - 11. Determine t(a).
10
Let d(p) = -2*p**2 - 1. Let z be 8/(-12)*-9 + -4. Let x be (4 - z)/((-3 - -7)/(-2)). What is d(x)?
-3
Suppose -19*g + 18*g + 2 = 0. Suppose -g*m + 12 = 2*m. Let c(k) = k**3 - 4*k**2 - 3*k + 5. Let u(t) = -t + 1. Let d(w) = m*u(w) - c(w). Determine d(4).
-2
Let t(z) = z**3 - 4*z**2 + 5*z - 8. Let j(g) = -3*g**3 + 7*g**2 + 6*g. Let b be j(-1). Calculate t(b).
12
Let k = 172 + -169. Let x(q) = -5 + 6 - k*q**2 - 3. Suppose 0 = -f - f + 4. Give x(f).
-14
Let b(q) = -7*q - 4. Let m be b(-1). Let y(l) = -2*l. Give y(m).
-6
Suppose 4*y = 5*y + 8. Let f = y - -17. Let t(w) = -f + 28 - 7 - 3 - w. Determine t(7).
2
Suppose 2*o = 4*h - 20, 4*h - 3*o = 2*o + 32. Suppose -2*w + 25 = h*w. Let i(p) = -8 - 1 + 9 + p. What is i(w)?
5
Let k(i) = -i**2 - 9 - 2 - i**3 - 3. Suppose 0 = 3*d + 34*d. Calculate k(d).
-14
Let x(z) be the third derivative of z**5/30 - 7*z**4/24 + 2*z**3/3 - 5*z**2 + 2*z. Suppose 0*g + 2*g - 16 = 0. Let a be (g/(-3))/((-12)/18). Give x(a).
8
Let d = -14 - -16. Let y(f) be the third derivative of 1/20*f**5 + 0*f - f**2 + 0*f**3 + 0 - 1/12*f**4. Calculate y(d).
8
Let r(q) = -q**2 - q. Let c(z) = z**2 - 9*z + 1. Let t be c(9). Let s be 3 - (2 - 1)*t. Suppose -s*p + 4*p = -6. What is r(p)?
-6
Let m(u) = 304*u**2 + 1. Let s be m(-1). Let n(d) = 4*d + 297 - s + d. What is n(6)?
22
Let y(a) be the third derivative of -a**5/60 - 5*a**4/24 + a**3/6 - 25*a**2. Let o(s) = -s - 1. Let r(l) = 2*o(l) - y(l). Determine r(4).
25
Suppose 2*c = 8*c + 72. Let f be (c/(-20))/((-2)/(-10)). Suppose 9 = -q + f. Let b(u) = 3*u + 7. Give b(q).
-11
Let q be 10/8 - (-95)/(-76). Let i(f) be the second derivative of 5*f - f**2 + 0 + q*f**3 + 1/6*f**4 - 1/20*f**5. What is i(2)?
-2
Let m(r) be the third derivative of r**4/12 + 7*r**3/6 - 21*r**2 - 1. Give m(-7).
-7
Let l(i) = -i**3 + 8*i**2 - 10*i + 7. Let a = -496 + 503. Give l(a).
-14
Let s(j) = 1 - j**3 + 6 + 3*j - 2*j. Let y = -26 + 22. Let f be 0/(y + 6)*1. Give s(f).
7
Let b(u) = -6*u + 1. Let c(x) = 4*x + 3. Let d be c(-1). Calculate b(d).
7
Suppose 3*a - 8*c = -3*c - 8, 0 = 4*c - 16. Suppose 0 = -a*k + 16. Let w(t) = -1 + 10*t**2 - 4 - k*t**2 - t + t**3. Determine w(-6).
1
Let s(t) = t**2 + 6*t + 2. Let y = 63 - 49. Let c = y - 19. Determine s(c).
-3
Let r = 1447 - 1456. Let a(z) = -z**3 - 10*z**2 - 12*z - 9. Calculate a(r).
18
Let a be (-1)/(-4)*2 - 57/(-6). Let n(y) = -6 + 15 + a*y - 8*y - y. Give n(0).
9
Let v(n) = 3*n. Let m(x) = -20*x - 2. Let d(t) = -3*m(t) - 21*v(t). Suppose 4*c - 12 = 4. Suppose c = r - 2. Give d(r).
-12
Let h(v) = 5*v**2 + 13*v + 6. Let l(o) = -16*o**2 - 49*o - 19. Let i(x) = -7*h(x) - 2*l(x). Determine i(5).
-44
Let a(o) be the first derivative of 2*o**3/3 - 11*o**2 + 11*o + 273. Determine a(10).
-9
Let d(g) be the third derivative of g**5/60 - g**4/4 + g**3/2 + g**2 + 68. Determine d(5).
-2
Let a(q) = -q**3 + 6*q**2 - 6*q + 5. Let d be a(4). Let z = d + -8. Let f(o) = -1 - o**3 + z*o - 3*o**2 + 5 + 2*o**2 + 0. Calculate f(-3).
7
Suppose -2*l + 3*l - 18 = 5*s, l + 2*s - 4 = 0. Suppose -10*i + 14*i = l. Let a(u) = u. What is a(i)?
2
Let w(f) = f**2 + 5 - 2*f**2 - 2 - f - 1. Let m = -35 + 33. Let n be ((-28)/35)/(m/10). Calculate w(n).
-18
Let o(a) = 4 - 10*a**2 + 10*a + 3*a**2 + a**2 - 24 + 5*a**2. Determine o(7).
1
Let u(k) be the first derivative of -k**2/2 + 42. Calculate u(-10).
10
Let r(s) = s**3 + 8*s**2 + 7*s + 10. Suppose 5*y + 50 = -3*p, 2*y = -20*p + 21*p - 9. Calculate r(y).
10
Let u(d) = 8*d + 1. Suppose -10*f = -17 + 7. Determine u(f).
9
Let k be (6/(-15))/(2/30). Let g(r) = -r**3 - 7*r**2 - 5*r. Calculate g(k).
-6
Let s(m) = -m**2 - 10*m + 35. Let r(j) = -5*j + 7. Let q be r(4). Calculate s(q).
-4
Suppose 25*d - 20*d + 15 = 0. Let h(w) = w**3 + 4*w**2 - w - 2*w + 4*w. Give h(d).
6
Let p(u) = 0*u + 10 - 2*u + 0*u + 0*u. Give p(5).
0
Let u(w) be the first derivative of -w**2/2 - 4*w - 222. Determine u(-8).
4
Let p(m) = 2*m**2 - 20*m - 29. Let o be p(11). Let v(h) = -2*h + 2*h + 2*h. What is v(o)?
-14
Let f(j) be the first derivative of -j**4/4 + j**3/3 - j**2/2 + 17*j - 98. What is f(0)?
17
Let z be 10 + 54*10/(-20). Let f(j) = 2*j + 24. Determine f(z).
-10
Let a(j) = j**3 + 10*j**2 - 2*j - 11. Let r be a(-10). Let b = -4 + r. Let m(s) = 5*s + 4*s**2 - 3*s**3 + b + 2*s**3 + 1. What is m(5)?
6
Let g = -5 + 3. Let p(y) be the first derivative of y**4/4 + y**3 + y**2 - 2*y + 1568. Determine p(g).
-2
Let d(r) be the first derivative of -9*r - 1/6*r**3 - 1 - 7/2*r**2. Let j(s) be the first derivative of d(s). Determine j(-6).
-1
Let y(c) = -c + 2. Let v be (-9)/2*(-12)/18. What is y(v)?
-1
Let h be (2/(-3))/(77/(-1386)). Let f(j) = -2*j + 26. Determine f(h).
2
Suppose 16 - 46 = 5*g. Let q(d) be the second derivative of 7/2*d**2 + 10*d - 1/12*d**4 - 2/3*d**3 + 0. Give q(g).
-5
Let d = -14 - -13. Let s(g) = g**2. Let o(y) = 6*y**2 - 4*y. Let k(x) = d*o(x) + 5*s(x). Determine k(4).
0
Let m(z) = 14 - 6*z + 18*z - 11*z. Calculate m(-9).
5
Let j(o) = -8*o + 7*o + 3 + 0*o + 5. Let q be 0 + (-3 - (-3 - 6)). What is j(q)?
2
Let f(k) = -2*k + 4. Let d be 0 - 2*2*(-10)/8. Calculate f(d).
-6
Let c(j) = -j**3 + j. Let n(z) = -4*z**3 - z**2 + 2*z + 5. Let d = 12 + -9. Let l(o) = d*c(o) - n(o). Suppose 0 = -2*h - 8, 3*h - h + 8 = -5*q. What is l(q)?
-5
Let k(d) be the third derivative of -d**4/24 + 11*d**3/6 + 40*d**2. Let a(v) = -v**2 - 9*v - 12. Let f be a(-5). What is k(f)?
3
Let s(z) = 17*z - 1. Let y = -958 + 960. Give s(y).
33
Let x(q) = -58*q**2 - 1 - 4*q**3 + 5*q**3 - 9*q + 65*q**2. Suppose 4*f + 27 = -5. Calculate x(f).
7
Let d(y) = y**3 - 7*y**2 + 9*y - 8. Let n = 97 - 93. Let x be (36/n + 6)*(-4)/(-10). What is d(x)?
10
Let p(x) = -x**3 - 15*x**2 + 17*x + 17. Let s = -62 + 46. Let z be p(s). Let r(y) = 6*y**3 - 2*y**2 + 2*y - 1. What is r(z)?
5
Let r(c) be the third derivative of -c**5/60 - c**4/24 + c**3/3 - c**2. Let w be -1*2 - (85 + -4 - -1). Let y = w + 86. Calculate r(y).
-4
Let b(y) be the second derivative of -y**5/4 + y**4/3 + y**3/6 + y**2 + 2*y. Let k(v) = 6*v**3 - 4*v**2 - v - 3. Let n(i) = 7*b(i) + 6*k(i). Determine n(-3).
2
Let i be (-1)/(-1)*0 + 2. Suppose i = 4*c - 3*c. Let l(r) = 0 - r + 6 + 0 - c. Determine l(3).
1
Let v = -71 + 77. Let k be 0 - (2/v)/((-3)/27). Let b(i) = 1. Let y(m) = -m + 2. Let r(l) = 3*b(l) - y(l). Determine r(k).
4
Let u(j) = 15*j - 5. Suppose 5*v + a - 8 = 0, -7*a = -4*a + 6. What is u(v)?
25
Let q = -8 + 4. Let l(f) = -5*f**3 - 9*f**2 - 5*f - 7. Let g(o) = 11*o**3 + 19*o**2 + 10*o + 15. Suppose 2 = 4*z + 18. Let p(v) = z*g(v) - 9*l(v). What is p(q)?
-1
Let k(j) = -j**3 + 3*j**2 - 4*j + 3. Suppose -14 = -3*m + 10. Let l be 12*(-3 + 26/m). Determine k(l).
-9
Suppose 47*g + 76 = 85*g. Let q(z) = -5*z + 5. Let b(x) = -14*x + 14. Let j(f) = 6*b(f) - 17*q(f). What is j(g)?
1
Let d(l) = 24 + 3*l**2 - 5*l**2 - 25. Give d(5).
-51
Let d(x) = x**2 + 4*x - 6. Let v = 69 - 80. Let l be 1 - (1 - 2)/1. Let k(g) = 5*g**2 + 20*g - 31. Let z(a) = l*k(a) + v*d(a). Calculate z(-6).
-8
Let c = 18 - 14. Suppose -c*s = -8 - 12. Suppose 4*q - 1 = v - 5, -4*v = -s*q + 6. Let a(u) = -u**2 - 4*u - 4. Give a(v).
-4
Let r(i) be the third derivative of 7*i**6/360 + i**5/120 - 7*i**4/6 - 21*i**2. Let o(p) be the second derivative of r